 the greatest common divisor of 5265 and 124740?
405
What is the highest common factor of 185488 and 48?
16
Calculate the highest common factor of 700 and 66530.
10
Calculate the highest common factor of 99759 and 2937.
33
Calculate the greatest common divisor of 5047022 and 296.
74
What is the greatest common factor of 1184 and 52762?
74
Calculate the greatest common factor of 18 and 4890618.
18
Calculate the highest common factor of 55776 and 25647.
249
What is the highest common divisor of 1411 and 27693?
17
What is the highest common divisor of 1036 and 274836?
148
What is the highest common factor of 79061 and 1384?
173
What is the greatest common divisor of 164312 and 16?
8
Calculate the greatest common factor of 88077 and 1413.
471
What is the highest common divisor of 3899480 and 520?
520
Calculate the greatest common factor of 56620 and 163006.
298
Calculate the greatest common factor of 16982 and 2786.
14
What is the greatest common factor of 18 and 477639?
9
What is the greatest common divisor of 98176 and 624?
208
Calculate the greatest common divisor of 38225 and 575.
25
What is the greatest common factor of 9581 and 198?
11
Calculate the greatest common divisor of 46 and 1650043.
23
Calculate the highest common factor of 29616 and 6288.
48
Calculate the highest common factor of 3872 and 3509.
121
What is the greatest common factor of 1071 and 6111?
63
What is the greatest common divisor of 15129 and 5229?
9
What is the greatest common factor of 176512 and 21?
7
Calculate the greatest common divisor of 190 and 154.
2
What is the greatest common divisor of 51793 and 453?
151
What is the highest common factor of 1261 and 1552?
97
Calculate the greatest common divisor of 21698 and 5.
1
Calculate the greatest common factor of 188 and 11139.
47
Calculate the highest common factor of 924 and 47256.
132
What is the highest common factor of 100783 and 97?
97
Calculate the highest common divisor of 682974 and 57.
57
Calculate the highest common divisor of 1029119 and 789.
263
Calculate the greatest common divisor of 145 and 29.
29
What is the highest common divisor of 14219 and 5251?
59
Calculate the highest common divisor of 708 and 1094332.
236
What is the greatest common factor of 185 and 265?
5
Calculate the highest common divisor of 15065 and 113045.
115
Calculate the greatest common divisor of 162 and 479538.
18
What is the highest common divisor of 101378 and 586?
586
Calculate the greatest common factor of 828 and 135522.
18
Calculate the highest common factor of 9822 and 348.
6
Calculate the highest common divisor of 1870 and 379236.
374
What is the greatest common divisor of 105383 and 34?
17
Calculate the greatest common factor of 1070 and 290.
10
What is the highest common factor of 74252 and 380?
76
Calculate the greatest common factor of 4929 and 2263.
31
What is the greatest common divisor of 51969 and 32608?
1019
What is the highest common divisor of 190 and 57665?
95
Calculate the highest common factor of 42 and 604338.
42
What is the highest common factor of 1251 and 90783?
9
What is the highest common factor of 384420 and 3440?
860
Calculate the highest common factor of 145 and 120205.
145
What is the highest common divisor of 1036 and 1071742?
518
Calculate the highest common divisor of 187 and 215567.
11
Calculate the highest common divisor of 58 and 13166.
58
Calculate the highest common divisor of 6981 and 9412.
13
What is the greatest common factor of 12325 and 25143?
493
Calculate the highest common divisor of 17010 and 50.
10
Calculate the highest common factor of 3093 and 3494059.
1031
Calculate the greatest common divisor of 1599 and 20295.
123
What is the highest common divisor of 190250 and 125?
125
What is the highest common factor of 78351 and 8281?
637
Calculate the highest common divisor of 805 and 2484.
23
Calculate the highest common divisor of 528 and 18678.
66
What is the greatest common factor of 52 and 1114672?
52
Calculate the greatest common factor of 2525 and 150.
25
What is the greatest common factor of 928 and 366415?
29
Calculate the highest common divisor of 788 and 14381.
197
What is the highest common divisor of 8418 and 230?
46
Calculate the greatest common factor of 89105 and 2840.
355
What is the highest common factor of 6 and 7081806?
6
Calculate the highest common factor of 6532 and 284.
284
Calculate the greatest common factor of 388609 and 13.
13
Calculate the greatest common factor of 50 and 18230.
10
What is the greatest common divisor of 2069 and 335?
1
What is the greatest common factor of 15372 and 228?
12
Calculate the highest common divisor of 24 and 1191276.
12
Calculate the highest common factor of 36 and 6041940.
12
Calculate the highest common factor of 2310 and 780.
30
Calculate the highest common divisor of 867882 and 114.
114
What is the highest common factor of 126 and 8372?
14
What is the highest common divisor of 8840 and 572?
52
Calculate the greatest common factor of 28731 and 36267.
471
What is the greatest common divisor of 139275 and 225?
225
Calculate the highest common factor of 272 and 50892.
4
What is the highest common divisor of 2082384 and 9?
9
What is the greatest common divisor of 26 and 2456987?
13
What is the greatest common factor of 3 and 1002000?
3
What is the highest common factor of 8756 and 220?
44
What is the greatest common divisor of 16824 and 63?
3
Calculate the highest common divisor of 185 and 6220.
5
Calculate the highest common divisor of 32207 and 10807.
107
Calculate the highest common divisor of 95979 and 25116.
897
Calculate the greatest common factor of 732 and 369172.
244
Calculate the greatest common divisor of 1440659 and 77.
11
What is the highest common factor of 8190 and 2262?
78
Calculate the highest common divisor of 83 and 19339.
83
Calculate the greatest common factor of 272 and 32776.
136
What is the highest common divisor of 543880 and 16?
8
What is the highest common factor of 5151616 and 32?
32
Calculate the highest common factor of 2494 and 2088.
58
Calculate the greatest common divisor of 497 and 2023.
7
What is the highest common divisor of 18447 and 2365?
473
What is the greatest common factor of 45114 and 12360?
618
What is the greatest common divisor of 27902 and 178?
2
What is the highest common divisor of 23436 and 99?
9
Calculate the greatest common divisor of 147 and 622937.
49
What is the highest common divisor of 312 and 95680?
104
Calculate the greatest common factor of 493 and 5542799.
493
What is the highest common divisor of 232 and 399736?
232
What is the greatest common factor of 517062 and 273?
273
What is the greatest common factor of 15026 and 55?
11
Calculate the highest common factor of 221 and 121082.
13
Calculate the highest common factor of 17208 and 2629.
239
What is the greatest common divisor of 318228 and 2208?
276
Calculate the greatest common divisor of 15 and 5067.
3
What is the highest common factor of 90077 and 41?
41
Calculate the greatest common factor of 214 and 2948599.
107
What is the highest common divisor of 484 and 1816?
4
What is the greatest common factor of 715 and 285835?
55
Calculate the greatest common factor of 3640 and 392.
56
Calculate the highest common divisor of 999551 and 7.
7
What is the greatest common divisor of 849631 and 259?
37
Calculate the highest common divisor of 124062 and 37789.
713
Calculate the greatest common factor of 96 and 443400.
24
Calculate the greatest common factor of 638847 and 297.
297
What is the greatest common divisor of 3900936 and 195?
39
What is the greatest common factor of 8 and 324?
4
Calculate the greatest common factor of 9 and 861.
3
Calculate the highest common factor of 3444 and 126854.
574
Calculate the greatest common divisor of 6175 and 351.
13
Calculate the highest common factor of 140670 and 270.
270
Calculate the greatest common factor of 1107295 and 357.
119
Calculate the greatest common divisor of 3275 and 260559.
131
What is the greatest common divisor of 942 and 2442606?
942
What is the greatest common factor of 2306 and 34?
2
What is the greatest common factor of 9339 and 132?
33
What is the greatest common factor of 132842 and 254?
254
Calculate the highest common factor of 297815 and 254.
127
What is the high